 Let q be g(-4). What is the remainder when 36 is divided by (-198)/(-10) + q/(-65)?
16
Suppose -4*o = -4*z - 556, 0 = 3*o - 37*z + 39*z - 427. What is the remainder when o is divided by 14?
1
Suppose -o + 14 = -3*y, -4*o = -y + 3*y. What is the remainder when (-4 - 2)*58/y is divided by 18?
15
Suppose -k - 2*k - 153 = 0. Let o = k + 77. What is the remainder when 50 is divided by o?
24
Suppose 11 = 2*v - 49. Calculate the remainder when ((-116)/6)/((-2)/6) is divided by v.
28
Let f be 5/20 + 22/8. Suppose -3*x + 4*k - 7 + 27 = 0, 0 = -5*x + f*k + 15. Suppose -42 = -3*o - x*o. Calculate the remainder when o is divided by 8.
6
Suppose 0 = 2*j + j - 63. Suppose 2*a - j = 77. Suppose 11*l = -2*l + 221. What is the remainder when a is divided by l?
15
What is the remainder when 3580/55 + (86/22 - 4) is divided by 32?
1
Suppose -241*u = -230*u - 2442. Calculate the remainder when u is divided by 3.
0
Suppose j + j + 38 = 3*z, 15 = 3*j. Let g(b) = -3*b + 12. Let p be (-87)/15 + 2/(-10). Calculate the remainder when g(p) is divided by z.
14
Let i = -2 + 2. Suppose -4*m + 2 - 14 = i. What is the remainder when 34 is divided by m - -2 - (-9 + -1)?
7
Let r(c) = c**2. Let z be r(0). Suppose g + 224 = 5*p - z*g, 4*g - 72 = -2*p. Calculate the remainder when p is divided by 17.
10
Suppose -6*q - 504 = -30*q. Calculate the remainder when 228 is divided by q.
18
Suppose 1998 + 3062 = 110*o. What is the remainder when 192 is divided by o?
8
Suppose -31 - 137 = -4*m. What is the remainder when 18/2*(-160)/(-24) is divided by (m/(-8))/((-4)/16)?
18
Suppose -109 = 2*d + 199. Let a be 2030/d - 2/(-11). Let b = 27 + a. Calculate the remainder when b is divided by 8.
6
What is the remainder when 350 + (-2)/(0 + -1) is divided by 75?
52
Let d(g) = 2*g - 7. Let l be d(6). What is the remainder when (-1)/((-1)/2) + -1 is divided by ((-1)/l)/((-5)/25)?
0
Let g(a) = -a**3 - 5*a**2 - 5*a - 3. Let f be g(-3). Let h = -4 - f. Suppose 3*i - 13 = 2*i + h*q, -q - 4 = 0. What is the remainder when 17 is divided by i?
2
Let x(u) = 22*u + 32. Calculate the remainder when x(8) is divided by 43.
36
Let y = 323 + -249. Calculate the remainder when y is divided by 6.
2
Suppose -25*g + 1839 = -36. Calculate the remainder when g is divided by 43.
32
Let y(x) = x**3 + 6*x**2 + 4*x + 2. Let s(g) = -39*g - 4. Calculate the remainder when s(-1) is divided by y(-4).
17
Let y(u) = -u - 2. Let w be y(-7). Suppose -7*p + w*p = -68. Suppose -4*m + p = m + g, 0 = m + g - 10. What is the remainder when 28 is divided by m?
4
Suppose 0 = 5*s + 4*z + 589, 5*z + 435 = -4*s - 29. Let l = s + 192. Calculate the remainder when l is divided by 16.
7
Suppose -4 + 94 = 5*w. Suppose 2*v - w = 5*k + 14, -3*k = -v + 14. Let l(s) = -s**3 + s**2 + 8*s + 14. Calculate the remainder when v is divided by l(0).
12
Let t(n) = -37*n**3 + n**2 + 2*n + 1. Suppose 4*g + 9*g = 143. Calculate the remainder when t(-1) is divided by g.
4
Let k = 298 - 233. What is the remainder when 517 is divided by k?
62
Let d = 202 + -48. Suppose 2*m - 134 = -2*m - 5*o, 0 = 4*m - 5*o - d. What is the remainder when 107 is divided by m?
35
Suppose 8*w = 49 + 23. What is the remainder when 39 is divided by (w/6)/((-74)/20 - -4)?
4
Suppose -248 = -2*d - q + 5*q, -3*q = 3*d - 363. Let k = d - 79. What is the remainder when k is divided by 15?
13
Suppose 4*i - o = 72, o - 13 = 2*i - 49. Calculate the remainder when 32 is divided by i.
14
Suppose -2*b - 47 = -151. Calculate the remainder when 206 is divided by b.
50
Calculate the remainder when (11/(-3))/(1/(-84)) is divided by 31.
29
Suppose -24*l = -19*l. Let m = 21 - -1. Calculate the remainder when m is divided by (l - -3)/(18/48).
6
Let v = -37 + 35. Suppose -34 = 3*s - 82. Calculate the remainder when (-2)/(-8)*v*-124 is divided by s.
14
Suppose -2*z = -2*i + 8, 3*i - 3*z - 10 = i. Calculate the remainder when 19 - (-31)/((-341)/132) is divided by i.
1
Let a be 6/4*(-1 + -1). Let x = 1 - a. What is the remainder when 4 is divided by -2 + 7 + -6 + x?
1
Suppose 0 = y + 5*s + 64 + 123, 0 = 2*s + 4. Let f = -70 - y. Calculate the remainder when f is divided by 36.
35
Let w = 2 - 1. Let h = 284 - 283. What is the remainder when w is divided by h?
0
Suppose -12*l = -367 - 305. What is the remainder when 67 is divided by l?
11
Let p be -1*(0 - 1)*5. Suppose -4*y - 5*n - 19 = 0, p*y + 6 = 2*y - n. Let l(h) = -22*h**3 - h. What is the remainder when l(y) is divided by 12?
11
Let d(a) = a**2 + a. Let m be d(1). Suppose p + 73 = 4*p + 5*z, -m*p + 2*z = -22. What is the remainder when (-3 - (2 + -3)) + 64 is divided by p?
14
Let l be (-10 + 1)*238/(-51). Suppose -4*b - l = -11*b. What is the remainder when 11 is divided by b?
5
Let b be 17 - 1 - 12/6. Suppose -2*h = -0*h - b. Let u = 6 + h. Calculate the remainder when u is divided by 4.
1
Let c be 1 + -3 + 1 + -26. Let r = -5 - c. Suppose 432 = 4*x + 84. Calculate the remainder when x is divided by r.
21
Let q be ((-18)/(-4))/(42/(-16) - -3). Let j = -27 + 41. Calculate the remainder when j is divided by (-3)/(-18) - (94/q)/(-1).
6
Let b = 47 - 30. Let l(o) = -o**3 + 17*o**2 + 5*o - 14. Calculate the remainder when l(b) is divided by 8.
7
Let b(h) = 2*h**3 - 17*h**2 - 6*h + 24. What is the remainder when b(9) is divided by 13?
12
Suppose -4*t - 4 = 12. Let k be -6*t/8*1. Suppose -5*i - 2 - 18 = 0, -k*i - 29 = -u. Calculate the remainder when 49 is divided by u.
15
Suppose 0 = 4*j + 16, -k - j - 4 = 0. Suppose 5*o - 3*q - 140 = k, 2*q = -3*o - 2*q + 55. Calculate the remainder when o is divided by 9.
7
What is the remainder when 195 is divided by (5 - -10*(-4)/10)*11?
8
Let y(c) = -c**3 - 5*c**2 - 8*c - 2. Let m be y(-4). Let n be ((-3)/(-4))/(1/(-4)). Let q = n + m. What is the remainder when 41 is divided by q?
8
Suppose 9*n = -5*n + 42. Suppose 5*o = o. Suppose -f + 26 = 5*r - 2, o = 3*r + n*f - 24. Calculate the remainder when r is divided by 3.
2
Let i(q) = 9*q. Let y = -21 + 23. Suppose -y*w = w - 3. Calculate the remainder when 17 is divided by i(w).
8
Suppose 0 = 6*k + 22 - 196. Calculate the remainder when 77 is divided by k.
19
Let p(k) = -7*k - 2. Suppose -9*v + 434 = -2*v. Let g = v + -8. Calculate the remainder when g is divided by p(-3).
16
Let s(l) = -1739*l + 47. Suppose 0 = -7*f + 2*f + 3*n + 38, -3*n = f - 22. Calculate the remainder when s(0) is divided by f.
7
Let o(a) = -a**2 + 6*a - 2. Let x be o(5). Suppose 4*y = k + 287, -5*y = x*k - 194 - 169. Calculate the remainder when y is divided by 15.
12
Suppose -8 = 3*y - 5, -5*t + y = -41. What is the remainder when 271 is divided by t?
7
Suppose -j = d + 4, 0 = -d - 4*j - 0 + 2. Let p be 3/2 - 21/d. Suppose -218 = -4*z - 3*w, p*z - 239 = -w + 28. What is the remainder when z is divided by 11?
9
Suppose 10*q - 15*q = -220. Suppose q*m = 46*m - 32. What is the remainder when 143 is divided by m?
15
Let n(j) = -j**2 + j - 1. Let y(m) = m**3 + 3*m + 12*m + 2*m**2 + 2 + 4*m**2. Let z(i) = 4*n(i) - y(i). Calculate the remainder when 23 is divided by z(-9).
11
Let t(n) = 0*n**2 - 6 - 12*n - 3*n**2 + 5*n**2 + n**3 + 6*n**2. Suppose 2*u - l = 2*l + 13, -4*l - 4 = -u. What is the remainder when t(-9) is divided by u?
5
Suppose s + 5*u + 0*u - 4 = 0, 5*s = -5*u. Let l(b) = -b**3 + 3*b**2 + 3. Calculate the remainder when l(3) is divided by 3 + (s - 5/5).
0
Let o be (-12 - -14)*(-2)/(-8)*6. Suppose -2*y + 14 = d - 13, -o*y + 4*d = -24. Calculate the remainder when 44 is divided by y.
8
Suppose 6 = 3*v + 4*m - 15, -5*m + 24 = 3*v. Suppose v*o = 8 + 13. Let n(y) = y**3 - 8*y**2 + 9*y + 5. Calculate the remainder when 54 is divided by n(o).
16
Suppose m = 4*x - 762, 5*m = -2*x + 6 + 364. Let f = -130 + x. Calculate the remainder when f is divided by 31.
29
Let t = -557 + 602. Suppose -2*q - p + 39 + 6 = 0, 5*p = -5. Calculate the remainder when t is divided by q.
22
Let r = -79 + 117. Suppose s - r = 5*f, -f - 148 = -5*s + 3*f. What is the remainder when 137 is divided by s?
25
Suppose 0 = 2*h + 4*y - 46, 0 = 2*h - 5*y + y - 22. Calculate the remainder when 337 is divided by h.
14
Let y be (-5770)/(-30) + (-2)/6. Let i = y + -57. Calculate the remainder when i is divided by 23.
20
Suppose 259 = -4*x - 3*u, 58 = -2*x + x - 3*u. Let b = 125 + x. Calculate the remainder when b is divided by 16